 69/15 - 8/(-20). List the prime factors of 288/k + 6/15.
2, 29
Suppose 0 = w + 65 - 210. Suppose -2*z + w = -89. What are the prime factors of z?
3, 13
Let w be ((-3)/1)/((-3)/(-4)). Let p(l) = -l**3 - 3*l**2 + l + 3. Let t be p(w). List the prime factors of 8 - (t/(-3) - -2).
11
Let i(w) = 14*w**3 + 5*w**2 - 10*w + 20. What are the prime factors of i(3)?
7, 59
Suppose -25*n - 2544 = -29*n. What are the prime factors of n?
2, 3, 53
Let o(q) = -q**2 + 8*q + 44. Let j(b) = -3*b**2 + 24*b + 133. Let r(c) = -2*j(c) + 7*o(c). List the prime factors of r(10).
2, 11
Suppose -22*w + 21200 - 4436 = 0. What are the prime factors of w?
2, 3, 127
Suppose 0 = 10*o - 7933 - 4437. What are the prime factors of o?
1237
Let i(t) = t**2 + 3*t. Let x(y) = y**2 + 5*y + 5. Let w be x(-5). Suppose 3*o + 22 = -2*j, 0 = -w*o + 7*j - 2*j + 5. List the prime factors of i(o).
2
Suppose -5*d - 72 = 4*r, -d = -4*d. Let s be -4 + -3 + 6 - (13 + 0). Let v = s - r. List the prime factors of v.
2
Let t(w) = w - 2*w + 5 + w**2 - 2*w**2 - 8*w**2. Let j(o) = -26*o**2 - 3*o + 14. Let n(m) = -4*j(m) + 11*t(m). What are the prime factors of n(1)?
5
Let h(x) = -x**2 + 8. Let y be h(0). Suppose -4*d - y = 4*b - 3*d, 2*b + 2*d = -4. What are the prime factors of b/(3 + 236/(-76))?
19
Let x = -13 - -62. Let f be 3*(164/(-12) - -4). Let m = x + f. List the prime factors of m.
2, 5
Let f = -131 - -375. List the prime factors of f.
2, 61
Let z(w) be the second derivative of 7*w**3 + 2*w**2 + 4*w. What are the prime factors of z(2)?
2, 11
Suppose 3*o = v - 537 - 381, 5*v = -o + 4606. List the prime factors of v.
3, 307
Suppose g = -0*o + o - 917, -3*g - 4595 = -5*o. Suppose t - 4*w = 166, -5*t - 4*w + o = -w. List the prime factors of t.
2, 7, 13
List the prime factors of (7 - 1)/(-2) - -2138.
5, 7, 61
Let n(m) = m**3 + 21*m**2 + 17*m + 17. Let o be n(-20). Let h = o - 36. List the prime factors of h.
41
Let a(j) = 8*j**3 + 2*j**2 - 1. Suppose 0 = -k + 4 - 3. Suppose 3*q - 4 = -k. List the prime factors of a(q).
3
Suppose 2*y + 27 = -77. Let k = y - -107. What are the prime factors of k?
5, 11
Let c be (14 - 0) + 7 + -8. Let n = 24 - c. List the prime factors of n.
11
Suppose 83 = 4*b + 19. Suppose l + g = -2*g + 5, 4*g - b = -2*l. What are the prime factors of l?
2, 7
Let w = -29 - -42. Let m = 6 - w. Let a = m - -19. List the prime factors of a.
2, 3
Suppose 948 = -11*u + 12*u. What are the prime factors of u?
2, 3, 79
Suppose -18 = -2*z - 2*z - 2*w, -2*z + 5*w + 3 = 0. Suppose -u - 5 = -4*h, -3*h + 3 = -z*u - 4. List the prime factors of (3/(-6))/(u/84).
2, 3, 7
Suppose 5*g - 5701 = y, g + 2*y = -g + 2290. What are the prime factors of g?
7, 163
Let x = -19 - -28. Suppose -3*i + 53 = -x*y + 4*y, 0 = 2*y - 4. List the prime factors of i.
3, 7
Let y be (-1)/3*126/(-14). Let u(p) = 25*p + 10. List the prime factors of u(y).
5, 17
Suppose 2*z - 4*q - 685 = -187, -5 = q. What are the prime factors of z?
239
Let u = -140 - -224. List the prime factors of u.
2, 3, 7
List the prime factors of (2 - (-9 + 6617))*4/(-6).
2, 3, 367
Suppose 227 = k - 1275. What are the prime factors of k?
2, 751
Let p be 6/(-27) + (-114)/(-27). Suppose 0*z + p*z = -8. What are the prime factors of (-4 - 0)/(z/14)?
2, 7
Suppose -6*r + 10*r = 588. List the prime factors of r - (2 - (-1 + -2)).
2, 71
Let p(q) = q - 1. Let f be p(-6). Let i = 181 + f. What are the prime factors of i?
2, 3, 29
What are the prime factors of ((-2326)/(-4))/(10 - (-19)/(-2))?
1163
Suppose v - 38 + 12 = 0. Let h = -9 + v. List the prime factors of h.
17
Let h = -5 + -1. Let m(b) be the second derivative of -7*b**3/6 - 3*b**2 - 11*b. What are the prime factors of m(h)?
2, 3
Suppose 3*s = -5*g + 27, -g = 2*s - 6 - 5. Suppose -g*w + 7*w - 16 = 0. Suppose -z = z + 3*v - 129, w*z - 303 = 3*v. What are the prime factors of z?
2, 3
Suppose 290 = 5*m - 1045. Suppose -3*j + m = 57. List the prime factors of (-6)/(-24) - j/(-8).
3
Let v be (0 + 4)/(1 - 0). Suppose -i + v*i = 3. Let l = 12 - i. What are the prime factors of l?
11
Let g(x) = 947*x - 215. What are the prime factors of g(4)?
3, 397
Let a(j) = -221*j - 19. List the prime factors of a(-1).
2, 101
Suppose -9*y + 108 = -8*y. Let d = y + -51. List the prime factors of d.
3, 19
Let f(d) = d**2 + 224. Let n be f(0). Suppose 5*q = 9*q - n. What are the prime factors of q?
2, 7
Let p = 17 - -20. Suppose 0 = -3*j - 2*q + 111, -j + 0*q + p = 2*q. What are the prime factors of j?
37
Suppose 0 = 25*k - 171 - 404. What are the prime factors of k?
23
Let m(p) = p**2 - 7*p - 6. Let g be m(4). Let t(r) = r**2 + 12*r - 44. List the prime factors of t(g).
2
Suppose 0 = 5*n - 5 - 15. Suppose -n = 5*s - 44. What are the prime factors of s?
2
Suppose -5*n = z - 602, -2*z + 4*z + n = 1249. What are the prime factors of z?
3, 11, 19
Let b = 1009 - -542. What are the prime factors of b?
3, 11, 47
Let m(t) = -t**3 + 12*t**2 - 15*t - 1. List the prime factors of m(7).
139
Let k(w) = -2*w + 8. Let f be 3*2/(-6)*0. Suppose f = -p - p. List the prime factors of k(p).
2
Suppose -2*t = -4*n + 3*n + 590, 5*t + 1183 = 2*n. Suppose -54 = -11*l + n. What are the prime factors of l?
2, 29
Suppose 0 = 422*b - 421*b - 308. List the prime factors of b.
2, 7, 11
Suppose 2*u = 4*n + 3534, -3*n + 7101 = u + 3*u. What are the prime factors of u?
3, 197
Suppose -6597 - 998 = -5*o. List the prime factors of o.
7, 31
Let y(a) = 15*a**2 - 4*a + 1. What are the prime factors of y(-5)?
2, 3, 11
What are the prime factors of ((-204300)/(-108))/(15/18)?
2, 5, 227
Let k(d) = d**2 - 2*d + 13. Let c be k(-13). Suppose 0*z + 48 = y - z, -5*y = 3*z - c. What are the prime factors of y?
2, 11
Let c = -62 - 1. Let t = c + 155. List the prime factors of t.
2, 23
Let b be 2/4 - 15/(-10). Suppose -5*p + b*a - 286 = 0, -2 = -a + 1. List the prime factors of (192/p)/((-1)/14).
2, 3
Let m = 195 + 131. List the prime factors of m.
2, 163
List the prime factors of (-2 - 1) + 2940/7.
3, 139
Suppose -4 = 2*c + 6. What are the prime factors of c/(3*(-2)/90)?
3, 5
Suppose 7 = 2*x + 3. Suppose x*f = f. Let p = 22 - f. What are the prime factors of p?
2, 11
Let j = -5 - -9. Suppose 166 = 4*f - 2*s, -107 = -j*f - 4*s + 53. List the prime factors of f.
41
Suppose -47 = -6*q - 11. Let p be (-110)/q + 2/(-3). Let z = 32 - p. List the prime factors of z.
3, 17
Let p(f) be the second derivative of 7*f**5/60 + f**3/6 + 10*f. Let y(r) be the second derivative of p(r). List the prime factors of y(1).
2, 7
Let t(z) = 2*z**3 - z**2 - z - 4. Let j be t(3). Let y = j - -105. What are the prime factors of y?
11, 13
Let q(f) = 3*f + 3 - f + 3*f**2 + 3*f**3 - 2*f**3. Let w be q(-2). Suppose -4*i - 108 = -4*u, -2*i = w*i + 20. What are the prime factors of u?
23
Suppose -o = -g + 8, -5*g = -0*g + 3*o - 48. Let z be 1/3 + 42/g. List the prime factors of z/2*48/6.
2, 5
Suppose l = 91 - 88. Suppose -97 - 47 = -l*g. List the prime factors of g.
2, 3
Suppose -2*v + v - 1 = -k, 0 = -k - v + 9. Suppose -35 = -r + k. List the prime factors of r.
2, 5
Suppose 2*h - 25 = -5*a - 2*h, -2*h = -3*a + 37. Let r be ((-3)/a)/(1/(-789)). List the prime factors of (-3)/(-7) - r/(-7).
2, 19
Suppose 23*v = 22*v - 55. What are the prime factors of v*(-2 + 3)*-1?
5, 11
Let a(x) = 6*x**2 + 1. Let d = 1 - -11. Let c = d + -10. What are the prime factors of a(c)?
5
Suppose -d = -16 + 12. Suppose -d*j - 4 = 12, 5*x - 29 = -4*j. List the prime factors of x.
3
Suppose -16 = -i - 3*i. Suppose -284 = -i*x - 60. What are the prime factors of x?
2, 7
Let v = 592 - 153. What are the prime factors of v?
439
Suppose 0 = 9*y - 4*y + 40. List the prime factors of y*(-3 + 4/(-9 - -1)).
2, 7
Suppose -7*r = r - 2688. List the prime factors of r.
2, 3, 7
Let f be (-7 + -17)*(-2)/4. List the prime factors of (f/(-3))/(8/(-124)).
2, 31
Let u(k) be the second derivative of 3*k**3 + 5*k. Let i be u(3). Suppose -i = -5*j - a - 0*a, j = 5*a + 16. List the prime factors of j.
11
Suppose -7534 = -7*m + 4989. List the prime factors of m.
1789
List the prime factors of -13 - 4052*(-11)/44.
2, 5
Suppose 4*u - 18*v + 19*v - 517 = 0, 0 = 3*v + 9. List the prime factors of u.
2, 5, 13
List the prime factors of -2 - 18419/(-13) - 134/(-871).
5, 283
Let n = 774 + -348. What are the prime factors of n?
2, 3, 71
Suppose 14*l - 10